sands digit of 175300?
7
What is the hundreds digit of 28507?
5
What is the tens digit of 28641?
4
What is the hundreds digit of 908?
9
What is the tens digit of 13395?
9
What is the units digit of 65?
5
What is the thousands digit of 3311?
3
What is the units digit of 18267?
7
What is the hundreds digit of 105285?
2
What is the tens digit of 87?
8
What is the units digit of 6919?
9
What is the thousands digit of 15969?
5
What is the units digit of 3267?
7
What is the thousands digit of 67181?
7
What is the units digit of 1553?
3
What is the thousands digit of 2496?
2
What is the units digit of 119069?
9
What is the thousands digit of 1593?
1
What is the hundreds digit of 3269?
2
What is the hundreds digit of 4121?
1
What is the units digit of 8015?
5
What is the tens digit of 3123?
2
What is the ten thousands digit of 122015?
2
What is the ten thousands digit of 92144?
9
What is the units digit of 146524?
4
What is the hundreds digit of 1427?
4
What is the hundreds digit of 87354?
3
What is the units digit of 119818?
8
What is the ten thousands digit of 77209?
7
What is the tens digit of 178?
7
What is the thousands digit of 2648?
2
What is the ten thousands digit of 18859?
1
What is the tens digit of 17850?
5
What is the units digit of 36025?
5
What is the hundreds digit of 1223?
2
What is the units digit of 5378?
8
What is the tens digit of 2108?
0
What is the tens digit of 6262?
6
What is the hundreds digit of 9658?
6
What is the tens digit of 1030?
3
What is the hundreds digit of 779?
7
What is the tens digit of 12430?
3
What is the tens digit of 1491?
9
What is the ten thousands digit of 11967?
1
What is the thousands digit of 9066?
9
What is the units digit of 3552?
2
What is the hundreds digit of 53770?
7
What is the ten thousands digit of 31280?
3
What is the tens digit of 1679?
7
What is the hundred thousands digit of 105990?
1
What is the hundreds digit of 6888?
8
What is the hundreds digit of 448?
4
What is the ten thousands digit of 17700?
1
What is the units digit of 984?
4
What is the thousands digit of 2911?
2
What is the units digit of 105956?
6
What is the thousands digit of 8801?
8
What is the ten thousands digit of 121542?
2
What is the thousands digit of 4505?
4
What is the thousands digit of 19737?
9
What is the units digit of 21597?
7
What is the units digit of 146908?
8
What is the ten thousands digit of 15634?
1
What is the ten thousands digit of 142991?
4
What is the units digit of 1062?
2
What is the hundreds digit of 738?
7
What is the thousands digit of 23830?
3
What is the tens digit of 972?
7
What is the thousands digit of 3758?
3
What is the tens digit of 84299?
9
What is the hundreds digit of 3877?
8
What is the ten thousands digit of 12208?
1
What is the units digit of 45816?
6
What is the units digit of 47479?
9
What is the thousands digit of 6385?
6
What is the thousands digit of 36904?
6
What is the tens digit of 2955?
5
What is the tens digit of 21811?
1
What is the ten thousands digit of 20814?
2
What is the tens digit of 530?
3
What is the hundreds digit of 77116?
1
What is the tens digit of 152112?
1
What is the hundreds digit of 21551?
5
What is the thousands digit of 9646?
9
What is the hundreds digit of 58242?
2
What is the hundreds digit of 520?
5
What is the units digit of 4?
4
What is the units digit of 6198?
8
What is the hundreds digit of 147914?
9
What is the thousands digit of 2047?
2
What is the tens digit of 1298?
9
What is the units digit of 5022?
2
What is the units digit of 1866?
6
What is the units digit of 1196?
6
What is the thousands digit of 21655?
1
What is the thousands digit of 21249?
1
What is the hundreds digit of 7027?
0
What is the ten thousands digit of 148506?
4
What is the thousands digit of 30271?
0
What is the units digit of 13056?
6
What is the thousands digit of 2333?
2
What is the units digit of 3507?
7
What is the ten thousands digit of 81689?
8
What is the hundreds digit of 14889?
8
What is the ten thousands digit of 29752?
2
What is the hundreds digit of 2836?
8
What is the units digit of 29124?
4
What is the hundreds digit of 902?
9
What is the thousands digit of 4625?
4
What is the hundreds digit of 2137?
1
What is the tens digit of 13?
1
What is the thousands digit of 1131?
1
What is the units digit of 22193?
3
What is the thousands digit of 1001?
1
What is the thousands digit of 24610?
4
What is the tens digit of 397?
9
What is the units digit of 11200?
0
What is the hundreds digit of 891?
8
What is the hundreds digit of 6846?
8
What is the tens digit of 73?
7
What is the units digit of 1091?
1
What is the units digit of 9228?
8
What is the ten thousands digit of 81520?
8
What is the units digit of 12280?
0
What is the units digit of 16091?
1
What is the tens digit of 3503?
0
What is the tens digit of 5561?
6
What is the tens digit of 58275?
7
What is the units digit of 102?
2
What is the hundreds digit of 497?
4
What is the units digit of 9729?
9
What is the hundreds digit of 22897?
8
What is the hundreds digit of 8480?
4
What is the thousands digit of 135419?
5
What is the ten thousands digit of 24918?
2
What is the hundreds digit of 3582?
5
What is the hundreds digit of 317?
3
What is the thousands digit of 25709?
5
What is the hundreds digit of 38121?
1
What is the hundreds digit of 85055?
0
What is the hundreds digit of 419?
4
What is the thousands digit of 1034?
1
What is the units digit of 4662?
2
What is the units digit of 1423?
3
What is the hundreds digit of 4161?
1
What is the tens digit of 90733?
3
What is the units digit of 7470?
0
What is the thousands digit of 3687?
3
What is the units digit of 253?
3
What is the tens digit of 162458?
5
What is the thousands digit of 46402?
6
What is the units digit of 1395?
5
What is the tens digit of 13546?
4
What is the units digit of 3750?
0
What is the hundreds digit of 29846?
8
What is the tens digit of 5449?
4
What is the units digit of 6330?
0
What is the hundreds digit of 4525?
5
What is the thousands digit of 4532?
4
What is the thousands digit of 2614?
2
What is the thousands digit of 7733?
7
What is the units digit of 84?
4
What is the units digit of 525?
5
What is the units digit of 3972?
2
What is the hundreds digit of 272?
2
What is the thousands digit of 7753?
7
What is the tens digit of 6744?
4
What is the hundreds digit of 5277?
2
What is the thousands digit of 1668?
1
What is the units digit of 3101?
1
What is the units digit of 20829?
9
What is the units digit of 164955?
5
What is the hundreds digit of 532?
5
What is the hundreds digit of 302?
3
What is the tens digit of 600?
0
What is the units digit of 534?
4
What is the tens digit of 7818?
1
What is the units digit of 1287?
7
What is the thousands digit of 7397?
7
What is the hundreds digit of 1069?
0
What is the units digit of 31731?
1
What is the ten thousands digit of 11382?
1
What is the units digit of 2691?
1
What is the hundreds digit of 2974?
9
What is the units digit of 9025?
5
What is the thousands digit of 3076?
3
What is the tens digit of 43405?
0
What is the tens digit of 20235?
3
What is the tens digit of 20650?
5
What is the hundreds digit of 2121?
1
What is the hundreds digit of 164684?
6
What is the thousands digit of 2323?
2
What is the units digit of 1270?
0
What is the thousands digit of 31446?
1
What is the hundreds digit of 12122?
1
What is the ten thousands digit of 14369?
1
What is the thousands digit of 13580?
3
What is the tens digit of 31674?
7
What is the thousands digit of 2785?
2
What is the hundreds digit of 84857?
8
What is the hundreds digit of 1038?
0
What is the ten thousands digit of 41613?
4
What is the tens digit of 86135?
3
What is the tens digit of 3996?
9
What is the hundreds digit of 139?
1
What is the thousands digit of 1218?
1
What is the units digit of 594?
4
What is the units digit of 112?
2
What is the hundreds digit of 13886?
8
What is the hundreds digit of 76835?
8
What is the thousands digit of 15109?
5
What is the units digit of 11569?
9
What is the thousands digit of 73219?
3
What is the hundreds digit of 467?
4
What is the ten thousands digit of 57775?
5
What is the hundreds digit of 1982?
9
What is the tens digit of 126790?
9
What is the thousands digit of 8306?
8
What is the ten thou